
Let c = 243 - 119. Suppose -c = -9*u + 5*u. Suppose -12 = n - u. What are the prime factors of n?
19
Let f(a) = 25*a - 10. Let p(i) = 12*i - 5. Let o(u) = -4*f(u) + 7*p(u). What are the prime factors of o(-1)?
3, 7
Let o(m) = -1694*m - 133. List the prime factors of o(-2).
3, 5, 7, 31
Suppose 6*z - 3*z + 3*h = 2562, -4*h - 1720 = -2*z. Suppose -4*g + 0*g + 3*d + z = 0, 5*g = d + 1059. List the prime factors of g.
211
Let f(d) = d**2 - d + 10. Let h(x) = -x + 5. Let q be h(5). Let j be (0 - q)*12/(-24). What are the prime factors of f(j)?
2, 5
Suppose 10*c - 19 = 1. List the prime factors of (-1 - -96) + (c - 2).
5, 19
Let r(p) = -9*p**3 + p**2 + p. Let f be r(-1). Let x be (-3)/(f/6*-1). Suppose 3*i = 3*o + 18, o - x*o = -4*i + 36. List the prime factors of i.
2, 5
Let n be -2*4/((-8)/7). Suppose 0 = -5*r + 2*v - 8, -4*r - 2*v + n*v = 20. Suppose -5*p + 29 + 36 = r. What are the prime factors of p?
13
Let v(s) = 2*s + 6. Let p be v(-2). List the prime factors of 606/(-8)*p/(-3)*2.
101
Let v = 11 - 10. Let s be (v/2)/((-10)/260). Let r = 50 + s. List the prime factors of r.
37
Let o(s) = -6*s**2 - s**3 + 3*s + 4*s - 3*s + 0*s - 7. List the prime factors of o(-7).
2, 7
Suppose 0 = 3*i + 14*i - 34. Suppose 4*t = 7*t + i*b - 803, 3*t - 807 = -3*b. What are the prime factors of t?
5, 53
Suppose 21*r = 28*r - 630. Suppose r = 22*x - 16*x. What are the prime factors of x?
3, 5
Let i(a) = a + 3. Let z be i(11). Suppose -3*k = 3*w + 6, -3*w - 5*k - z = -0*k. Suppose -21 = -w*q - 5. List the prime factors of q.
2
Let h(u) = -9*u + 4*u**2 - 5*u**2 + 13*u**2 + 5 + 4*u. Let o be h(5). Suppose -3*x + o = 73. List the prime factors of x.
3, 23
Suppose 3*t + 51 = 4*h + 246, 0 = 2*t - 5*h - 137. Suppose 0 = -3*m + t + 119. List the prime factors of m.
2, 3, 5
Let v = 72 - 53. What are the prime factors of v?
19
Suppose -o = o - 312. List the prime factors of o.
2, 3, 13
Let h = -749 - -528. Let u = -117 - h. List the prime factors of u.
2, 13
Let t be (10/(-5) - -1)*-3. Suppose -5*w = 24 + 21. What are the prime factors of (-312)/w + (-2)/t?
2, 17
Let d(z) = -z**3 + 8*z**2 - 5*z + 2. Let i be d(5). Let o be (-7)/(-2)*(-24)/(-14). What are the prime factors of i*(15/o)/5?
2, 13
Suppose -v - 4*a + 348 = -5*a, 3*v - 2*a - 1043 = 0. What are the prime factors of v?
347
Let n(k) = 3*k**3 - 13*k**2 + 2*k - 29. What are the prime factors of n(7)?
13, 29
Suppose -r + 0*r + y = 79, -4*y + 235 = -3*r. Let q = r - -117. List the prime factors of q.
2, 3
Let j = -29 + 34. Suppose 0 = -j*t - 5*c + 265, 0 = -3*t + t + 5*c + 85. List the prime factors of t.
2, 5
Let v(f) = f**2 - 4*f - 3. Let m be v(3). Let i = 32 + -66. What are the prime factors of (-3)/m - i/4?
3
Let x = -472 - -804. List the prime factors of x.
2, 83
Suppose -4*u + 4*a + 40 = 0, 4*u + 4*a - 3 = 77. Let l(m) = m**3 - m**2 - m - 7. Let d be l(0). Let p = u - d. List the prime factors of p.
2, 11
Let w(m) = -11*m - 104. List the prime factors of w(-12).
2, 7
Let b = -1021 - -3145. What are the prime factors of b?
2, 3, 59
Let x(n) = -n**3 - 9*n**2 - 7*n + 11. Let h be x(-8). Let q be h - (-2*85 - 1). Suppose -50 - q = -4*t. List the prime factors of t.
2, 7
Suppose -5*a - 4*p + 3 = 0, 2*p = a + 4*p + 3. Let v(h) = h + 5. Let y be v(10). Suppose -4*o = 3*f - 62, -a*o + 6*o = y. List the prime factors of f.
2, 7
Let z be (-3)/9 + 14/(-3). Let q = z - -3. What are the prime factors of -5 + 19 - (-2)/q?
13
Let o = -7 + 11. Suppose -2*r = -o*r + 632. List the prime factors of r.
2, 79
List the prime factors of -138*((-40)/(-15))/(-2).
2, 23
Let d be 12/7 - (-22)/77. Suppose 2*t + 3*o = -d*o + 153, 440 = 5*t + o. What are the prime factors of t?
89
Let h be 130 + 4/(-12)*-6. Suppose -h = -x - x. Let r = 112 - x. What are the prime factors of r?
2, 23
Suppose 8*o - 6*o - 46 = 0. List the prime factors of o.
23
Let g = 7546 + -4201. List the prime factors of g.
3, 5, 223
Let z(k) = k**3 - 14*k**2 + 13*k - 9. Let m be z(13). What are the prime factors of (89/4)/(m/(-36))?
89
Let i = 8 + -34. Let c be -39*(4 + i/6). What are the prime factors of c/(((-1)/(-2))/1)?
2, 13
Suppose 507 = 4*h - 25. Let r = h - 86. What are the prime factors of r?
47
Let a = 6 - 0. Suppose 0 = a*u - u - 4930. What are the prime factors of 22/121 - u/(-22)?
3, 5
Suppose a - 63 = -4*u, 0 = 2*a - 0*a + 2. Suppose 4*x = -0*x - 2*i + u, -2*x + 3*i + 16 = 0. Suppose 8*f = x*f + 126. What are the prime factors of f?
2, 3, 7
Let p = -2624 - -5510. What are the prime factors of p?
2, 3, 13, 37
Suppose 32*x - 9*x - 2415 = 0. What are the prime factors of x?
3, 5, 7
Let n = 23 - 23. Suppose 5*b + 3*k - 105 = n, -4*b - 2*k = -6 - 76. What are the prime factors of b?
2, 3
Let p(q) = 4*q + 16. Let z be p(-6). What are the prime factors of (-2)/(((-9)/(-363))/(12/z))?
11
Suppose -19 = -q - 4*d, 4*q + 10 = -4*d + 38. Suppose -2*v = 4*z - q*v - 78, 3*z + 4*v - 49 = 0. What are the prime factors of z?
19
List the prime factors of (27/18)/(4/4752).
2, 3, 11
Let z = -2 + 7. Let i be 8/(-4)*-1 + z. Let b = 22 + i. What are the prime factors of b?
29
Let g(a) be the first derivative of -a**2/2 + 3*a - 5. Let y be g(-5). Let h = -6 + y. List the prime factors of h.
2
Let z(m) = -m**2 - 13*m - 6. Let s be z(-12). Let j(f) = f**3 - 5*f**2 - 3*f + 8. Let p be j(8). List the prime factors of p/s - (-4)/(-12).
29
Let x(b) = b**2 - 6*b + 12. Suppose 0 = -4*j - 2*r + 42 + 6, r + 24 = 2*j. List the prime factors of x(j).
2, 3, 7
Let y(p) be the third derivative of p**5/30 - p**4/3 + p**3/3 - 3*p**2. Let c be y(4). What are the prime factors of -4 + 13 - (1 + c)?
2, 3
What are the prime factors of 1497/4 + 80/(-320)?
2, 11, 17
Let d(o) = -4*o - 14. Let i be d(-4). Let n(v) = 4*v**3 - v. List the prime factors of n(i).
2, 3, 5
What are the prime factors of (1294 + 38)*(-1)/(-2)?
2, 3, 37
Let i(d) = -33*d - 479. What are the prime factors of i(-21)?
2, 107
Let p(d) = -d**2 - 8*d - 17. Let t be p(-9). Let u = t + 86. List the prime factors of u.
2, 3, 5
Let o(y) = -y**2 + 14*y + 15. Let v(r) be the third derivative of r**5/60 + r**4/24 + 11*r**3/6 - 6*r**2. Let w be v(0). What are the prime factors of o(w)?
2, 3
Suppose 0 = 2*n - 24*n + 53526. List the prime factors of n.
3, 811
Suppose -5*i + 2*i = -12. Suppose i*k = -4*a + 140, -3*k = 2*k + 2*a - 190. List the prime factors of k.
2, 5
List the prime factors of 1/(-1) + 6 + 490.
3, 5, 11
Suppose -27*p + 23*p + 56 = 0. What are the prime factors of -5*24/(-15)*p?
2, 7
Suppose 15*i - 10865 - 21985 = 0. List the prime factors of i.
2, 3, 5, 73
Suppose -15 = 3*f, 3*f = 4*u - u - 30. Suppose -3*i - u*j + 71 + 93 = 0, 286 = 5*i + 2*j. What are the prime factors of i?
2, 29
Let n(i) = i**2 + 5*i - 6. Let q be n(-5). Let c(j) = j + 11. Let l be c(q). Suppose g = -l*w - 3*g + 55, 5*w = 2*g + 55. What are the prime factors of w?
11
Let y(p) = 24*p + 54. What are the prime factors of y(7)?
2, 3, 37
Let x(t) = 3*t**2 + 8*t + 123. List the prime factors of x(-42).
3, 1693
Suppose p - 4*f + 0*f = 181, -p + 185 = -2*f. List the prime factors of p.
3, 7
List the prime factors of 2/(-16) + (-48565)/(-40).
2, 607
What are the prime factors of (1521/(-78))/((-6)/20)?
5, 13
Let x(f) = -f**3 - 6*f**2 - f + 6. Let b be x(-6). Suppose h = -2*o - 4, 4*h + b = h - 3*o. List the prime factors of (6/h)/(36/(-240)).
2, 5
Suppose x - 2*y + 5*y - 13 = 0, -4*x - 2*y + 22 = 0. Let a be ((-14)/8)/(x/(-16)). Suppose -u + 17 = -a. What are the prime factors of u?
2, 3
Let m(d) = 2*d**3 + d**2 - 3*d. Let c be m(-3). Let b(o) = -o**3 + 13*o**2 + 19*o - 15. Let l be b(14). Let u = c + l. What are the prime factors of u?
19
Let z(x) = 634*x**2 - 3*x - 1. What are the prime factors of z(1)?
2, 3, 5, 7
Let x be (2/5)/(8/20). What are the prime factors of (80*x)/((-1)/(-2))?
2, 5
Let h(n) = -n + 1. Let g(a) = 2*a**2 + 9*a - 6. Let c(b) = g(b) + 4*h(b). List the prime factors of c(-4).
2, 5
Let k(v) = v**3 + 8*v**2 + 5*v - 10. Let h be k(-7). Suppose 0*s - 4 = h*s. What are the prime factors of s + 1 + (6 - -1)?
7
Suppose 3*a = 5*u + 154, -a - u + 78 = 32. Suppose 62 = 5*i - a. What are the prime factors of i?
2, 11
Suppose l + 73 = 70, r - 4*l = 3480. List the prime factors of r.
2, 3, 17
Suppose -4*v + p + 13 = 0, 15 = 5*v + 5*p - 6*p. Suppose -z - 155 = -v